 b6 (base 16) in base 4?
2312
Convert d2 (base 14) to base 13.
112
What is -13022 (base 5) in base 4?
-33310
Convert 10001010111100 (base 2) to base 10.
8892
311212 (base 4) to base 5
102210
What is 1120 (base 9) in base 16?
33c
What is -118 (base 10) in base 12?
-9a
What is 1077 (base 8) in base 14?
2d1
3c2 (base 15) to base 6
3545
Convert -78c4 (base 13) to base 3.
-212011121
Convert -295 (base 16) to base 2.
-1010010101
Convert -190 (base 12) to base 13.
-165
Convert -b24 (base 12) to base 6.
-11244
What is 1276 (base 8) in base 6?
3130
Convert 201 (base 9) to base 7.
322
Convert 2 (base 4) to base 14.
2
-43121 (base 7) to base 14
-3c81
What is 11210 (base 3) in base 15?
89
Convert -43c (base 15) to base 9.
-1273
451 (base 12) to base 4
21331
3240 (base 6) to base 9
1016
-101100110110101 (base 2) to base 11
-16288
Convert -53bb (base 12) to base 15.
-2ae5
What is 574 (base 11) in base 8?
1256
Convert -33 (base 12) to base 9.
-43
What is 897 (base 11) in base 5?
13244
725 (base 12) to base 3
1102102
-968 (base 10) to base 8
-1710
Convert 1002123 (base 4) to base 5.
114001
Convert 22a (base 12) to base 11.
273
What is 674 (base 9) in base 10?
553
What is 1424 (base 14) in base 10?
3560
Convert -2781 (base 9) to base 16.
-832
-5526 (base 11) to base 3
-100222221
-303 (base 15) to base 7
-1656
8228 (base 9) to base 5
143040
Convert 1210 (base 5) to base 16.
b4
Convert -21211 (base 6) to base 14.
-10a3
Convert 5ae6 (base 15) to base 6.
225313
Convert -3826 (base 11) to base 12.
-2a79
-7ba (base 15) to base 6
-12034
8706 (base 11) to base 9
16688
Convert -5d1 (base 14) to base 11.
-968
15cd (base 16) to base 4
1113031
What is -ad (base 15) in base 9?
-201
What is -909 (base 10) in base 15?
-409
-a55 (base 14) to base 13
-c07
What is 2a6 (base 11) in base 2?
101100110
What is 127378 (base 9) in base 4?
102330110
What is -101110101 (base 2) in base 13?
-229
What is -136 (base 8) in base 7?
-163
What is -4413 (base 10) in base 11?
-3352
-36223 (base 8) to base 7
-63132
-3457 (base 9) to base 5
-40223
-5bb2 (base 12) to base 6
-115542
What is 10000001110000 (base 2) in base 3?
102101120
What is 1000110000 (base 2) in base 3?
202202
What is 6f6 (base 16) in base 10?
1782
What is -22 (base 9) in base 10?
-20
-1121012 (base 3) to base 7
-3254
Convert -2573 (base 8) to base 5.
-21103
What is -1275 (base 13) in base 2?
-101001000111
-45501 (base 6) to base 13
-2c1a
-3223 (base 5) to base 6
-2010
Convert 1011 (base 7) to base 4.
11133
Convert 115301 (base 7) to base 13.
978b
What is 22344 (base 5) in base 10?
1599
What is 386 (base 9) in base 6?
1253
Convert 2407 (base 9) to base 2.
11011111101
Convert -23288 (base 9) to base 15.
-491b
What is -110000 (base 2) in base 6?
-120
What is 526 (base 15) in base 16?
489
Convert 10230 (base 4) to base 7.
606
-764 (base 14) to base 4
-112310
Convert -7453 (base 9) to base 2.
-1010101100011
Convert 101110 (base 2) to base 5.
141
What is 55716 (base 9) in base 16?
90a8
What is -461 (base 10) in base 11?
-38a
Convert 8870 (base 9) to base 2.
1100110001111
What is -6416 (base 9) in base 8?
-11151
Convert -23244 (base 5) to base 16.
-6a3
-1011302 (base 4) to base 2
-1000101110010
Convert -2613 (base 7) to base 4.
-33132
142311 (base 7) to base 3
1101101100
1440 (base 10) to base 14
74c
Convert -882b (base 14) to base 4.
-11300013
What is -2000010002 (base 3) in base 10?
-39449
Convert -307f (base 16) to base 7.
-51124
78 (base 14) to base 5
411
Convert a7 (base 15) to base 12.
111
What is 3a87 (base 12) in base 5?
203402
What is -3755 (base 8) in base 13?
-c01
Convert -14101 (base 5) to base 11.
-957
-10446 (base 9) to base 7
-26124
What is 742a (base 12) in base 9?
18377
2b22 (base 15) to base 3
110200212
7cc (base 14) to base 12
a94
-2085 (base 9) to base 5
-22120
bf6 (base 16) to base 8
5766
4b2 (base 12) to base 16
2c6
-53 (base 10) to base 7
-104
What is 177 (base 9) in base 12?
107
Convert b47 (base 12) to base 6.
11331
Convert -31688 (base 10) to base 14.
-b796
Convert 213310 (base 4) to base 8.
4764
-55b2 (base 14) to base 16
-3a08
What is 102002 (base 3) in base 8?
453
What is -23c60 (base 13) in base 7?
-362615
2122 (base 3) to base 12
5b
What is -3342 (base 12) in base 3?
-21202212
Convert 3ab1 (base 12) to base 7.
25462
Convert -712 (base 9) to base 3.
-210102
What is -1225 (base 16) in base 4?
-1020211
What is -256663 (base 7) in base 9?
-72771
Convert 26a1 (base 11) to base 9.
4717
-2576 (base 8) to base 7
-4046
5c0 (base 13) to base 7
2630
What is 646 (base 7) in base 15?
16d
What is 1101301 (base 4) in base 6?
40121
What is 1369 (base 14) in base 16?
d61
-5af9 (base 16) to base 15
-6d79
-830 (base 11) to base 14
-517
-4616 (base 10) to base 6
-33212
What is -31761 (base 8) in base 16?
-33f1
What is -1a2 (base 16) in base 12?
-2aa
What is -1749 (base 10) in base 8?
-3325
-12135 (base 9) to base 4
-1333010
What is 1000111101011 (base 2) in base 8?
10753
Convert 121 (base 11) to base 10.
144
Convert -222405 (base 6) to base 2.
-100100100100101
-471 (base 14) to base 8
-1563
-25450 (base 8) to base 13
-504b
30 (base 9) to base 16
1b
Convert 12303 (base 4) to base 13.
276
Convert 450121 (base 6) to base 16.
9301
What is -607 (base 8) in base 11?
-326
Convert 13210 (base 14) to base 5.
3001204
What is -44 (base 16) in base 4?
-1010
What is 19 (base 15) in base 2?
11000
What is -ad81 (base 15) in base 5?
-2134141
Convert 56881 (base 9) to base 4.
21100030
Convert 30046 (base 8) to base 14.
46c6
Convert 135345 (base 6) to base 11.
9750
Convert ac2 (base 13) to base 12.
10a0
Convert ecc (base 15) to base 9.
4523
Convert -4588 (base 13) to base 6.
-113041
What is -10111011100100 (base 2) in base 13?
-5605
10633 (base 8) to base 9
6157
31333 (base 4) to base 7
2416
What is 1454 (base 12) in base 7?
6622
-4005 (base 6) to base 5
-11434
aad (base 14) to base 4
201001
What is 102 (base 15) in base 11?
197
Convert 6291 (base 14) to base 15.
5073
Convert 100011100000 (base 2) to base 15.
a17
Convert -a962 (base 13) to base 6.
-301043
Convert -6c9 (base 15) to base 14.
-7bd
What is 44024 (base 7) in base 8?
25362
-66644 (base 7) to base 14
-6194
Convert 133 (base 9) to base 13.
87
Convert 614 (base 13) to base 5.
13111
Convert -c98 (base 15) to base 2.
-101100011011
What is 3225 (base 7) in base 14?
5bc
Convert -2120100212 (base 3) to base 8.
-142607
11e (base 15) to base 11
211
What is 18e (base 16) in base 11?
332
Convert -5602 (base 9) to base 5.
-113013
27462 (base 8) to base 11
9094
What is -20110011 (base 3) in base 12?
-287a
What is -3e9 (base 16) in base 5?
-13001
What is 94b2 (base 16) in base 15?
b42b
What is 664 (base 8) in base 7?
1162
-213112 (base 4) to base 6
-15354
c6 (base 16) to base 10
198
Convert -4924 (base 10) to base 11.
-3777
Convert -371 (base 10) to base 12.
-26b
Convert 142115 (base 6) to base 13.
616a
What is 518 (base 11) in base 6?
2520
322235 (base 6) to base 9
40245
Convert -6510 (base 7) to base 14.
-bb0
-172 (base 13) to base 3
-100201
Convert 11101000111 (base 2) to base 14.
971
-112443 (base 5) to base 11
-3109
3173 (base 8) to base 16
67b
Convert 404 (base 10) to base 3.
112222
-10001 (base 6) to base 8
-2421
-4db7 (base 14) to base 15
-40c5
What is 3320220 (base 4) in base 16?
3e28
4a83 (base 13) to base 14
3c01
What is 10101011 (base 2) in base 3?
20100
What is 25 (base 7) in base 6?
31
What is -12b (base 14) in base 13?
-151
-907 (base 10) to base 6
-4111
Convert -18156 (base 11) to base 13.
-b794
Convert 2022000 (base 3) to base 16.
68a
Convert 4371 (base 15) to base 5.
424111
103231 (base 6) to base 9
12611
What is 2769 (base 15) in base 9?
12500
What is -3215 (base 6) in base 13?
-443
What is b31 (base 12) in base 7?
4504
Convert -23444 (base 5) to base 14.
-8cd
Convert 50127 (base 8) to base 2.
101000001010111
402122 (base 5) to base 3
122112121
2611 (base 8) to base 11
1079
What is 741 (base 12) in base 13?
634
What is 18042 (base 9) in base 3?
122001102
Convert -13313 (base 4) to base 16.
-1f7
1101110001 (base 2) to base 4
31301
Convert -10011010001110 (base 2) to base 8.
-23216
Convert 201010002 (base 3) to base 10.
13934
165 (base 10) to base 4
2211
-286 (base 12) to base 11
-325
What is -100020200 (base 3) in base 7?
-25440
Convert -1a524 (base 12) to base 4.
-2113123